 d(-7). Is f(l) a prime number?
False
Let z = 29 + -27. Suppose -2*w + 1373 = -c + 263, -8 = -z*c. Is w composite?
False
Let r(s) = s**3 + 27*s**2 + 38*s - 23. Let l be 34*(14/4 - 4). Is r(l) a prime number?
True
Let u be 53/4 + (-6)/(-8). Suppose 6*f - 16 - u = 0. Suppose -f*b + 0*b + 2225 = 0. Is b composite?
True
Let d be 135/60 + (-2)/8. Suppose 0 = -4*q - 5*a + 1174, 2*a + d = 3*a. Is q a prime number?
False
Let n = 14 - 14. Suppose n = -3*q + 4*q + 773. Let a = q - -1168. Is a composite?
True
Suppose -10*s + 40084 = -13576. Is s a prime number?
False
Suppose -2*j + 1246511 = 47*j. Is j a prime number?
True
Let h(r) = 82*r - 4. Let f(b) = -27*b + 1. Let c(v) = -7*f(v) - 2*h(v). Let s be c(4). Suppose g + 22 = s. Is g prime?
True
Let d be ((-33)/(-1))/(15/(-530)). Suppose q + 666 = -91. Let m = q - d. Is m prime?
True
Suppose -3*n + 2*n + 4 = 0. Let d(y) = 137*y + 9. Is d(n) prime?
True
Let r(u) = -u**2 - 7*u + 4. Let p be r(-6). Suppose -p = -2*s + 2. Let i(z) = z**3 - 4*z**2 + z - 4. Is i(s) a composite number?
True
Suppose 2*g - 442 = 5*r, 2*g = -3*r + 5*g - 258. Is 36/r + 7332/5 composite?
True
Let r(p) = -3*p + 4. Suppose 0 = o - 2*o + 4. Suppose o*f = -4*v - 40, -5*f = -3*v - 2*v. Is r(f) a composite number?
False
Let t = -2 + 2. Suppose 4*h - 2*n + 3*n - 10 = t, 4*n = -2*h + 12. Is (-22)/33*(-237)/h composite?
False
Let u(z) = 61*z - 101. Is u(24) a prime number?
False
Suppose -5*w - 5*u + 1229 + 661 = 0, 2*w - 777 = 5*u. Is w composite?
True
Suppose -2*r + 5*t + 69151 = 0, -3*r + 45723 = -2*t - 58020. Is r prime?
True
Let z = -353 - -232. Let x = z + 332. Is x a composite number?
False
Let n = 25 - 23. Suppose 0*i - n = -i. Is ((-521)/i)/((-5)/10) a prime number?
True
Suppose 22686 = -532*g + 538*g. Is g a composite number?
True
Let b = 306591 - 175634. Is b prime?
True
Suppose 86*l = 32*l + 1095498. Is l a prime number?
True
Let y be (-183364)/(-20) + (-16)/(-20). Let d = y + -4464. Is d prime?
False
Let t(x) = 0 + 410*x**3 - 2 + 1. Let m be t(1). Let o = 72 + m. Is o composite?
True
Let u(n) = 4*n + 966*n**3 + 0*n - n - 2*n. Is u(1) a prime number?
True
Suppose -28*k = -113*k + 51935. Is k a composite number?
True
Suppose 0 = -8*a + 19*a - 53009. Is a composite?
True
Suppose 3*y - 8700 = -5*k + 2092, 4*y + 4*k - 14376 = 0. Is y prime?
False
Is (-2)/((-8)/6*15/71870) composite?
False
Is 30526/8 + (-1)/(24/(-30)) a prime number?
False
Let q(y) = 6*y**3 - y**2 + 2*y + 4. Let k be 16/12 - -1 - (-2)/3. Is q(k) composite?
False
Is (1 - 0 - 0)/((-57)/(-184566)) a prime number?
False
Suppose n = 4 - 2. Suppose v = n*v + 2. Is v/(-9) - (-13390)/90 prime?
True
Let r be (-130775)/(-10)*4/10. Suppose 9*c - 6064 = r. Is c composite?
True
Suppose 0 = -4*f + 3*k + 138 - 42, f - 5*k = 24. Suppose 0 = 4*g - 6*g + f. Suppose 3*y + 102 = 3*s + g, -s - y + 32 = 0. Is s prime?
True
Let x(b) = -701*b + 16. Is x(-11) a prime number?
True
Let x(i) = 10*i**2 - 4*i + 19. Is x(13) a prime number?
True
Let p = -119609 - -202786. Is p composite?
False
Suppose -3*x + 117 - 33 = 0. Suppose 3*j + 0*z = -5*z - 19, -4*j + 4*z + x = 0. Is (-517)/(-11)*(1 + j) prime?
False
Suppose 2*v - 479 = 569. Let g = v + -345. Is g a prime number?
True
Is (-2 + (-96)/(-40))*887385/6 prime?
True
Let n be 2/(-8) + 137/4. Suppose 0 = -5*b - 9 + n. Suppose b*k - g - 240 = 0, -3*k - 2*g + 84 = -k. Is k a prime number?
True
Suppose 2*w = -g + 3*w + 1967, w - 7848 = -4*g. Let i = g + -942. Let o = -342 + i. Is o a prime number?
False
Suppose 0 = -3*f + p - 401, -3*p = -5*f + 2*p - 675. Let a = f - -64. Let n = -22 - a. Is n a prime number?
True
Let b(h) = 2091*h - 785. Is b(26) composite?
True
Is (-2)/5 - (-14)/(280/166428) composite?
True
Suppose -5*s = -3*n - 199103, 59*n - 39815 = -s + 61*n. Is s a prime number?
False
Let x = 17458 + -6492. Is x prime?
False
Let z(r) = 64*r + 20. Let q be z(5). Let p = q + 631. Is p a composite number?
False
Let w = 80 - 140. Let u be (24/15)/((-2)/w). Let j = 97 - u. Is j prime?
False
Suppose 5*w - 2*w + 558 = 3*x, 2*w = -5*x + 909. Is x a prime number?
False
Suppose 0 = 8*d - 13*d. Suppose -h + 64 = -d*h. Let a = h + -27. Is a composite?
False
Let v(n) = -3*n**2 + 2*n. Let z be v(2). Let s(q) = q**3 + 8*q**2 + 3*q + 10. Let f be s(z). Is (-204)/f + (-15)/(-35) prime?
False
Let i = 175 - 79. Let p(t) = 2*t**2 - 3*t + 2. Let q be p(3). Let k = i - q. Is k composite?
True
Is (22429/(-2) - 2)*86/(-43) composite?
False
Let q = -416 - -232. Let a = q + 444. Is a - (-4)/(12/9) a prime number?
True
Let q(p) = -894*p - 147. Is q(-9) composite?
True
Suppose 4846 = 2*g - 3088. Is g a prime number?
True
Suppose 3*k - j = -0*j + 245, -k - j + 79 = 0. Suppose -5*s = u - 5 - 1, -5*s = -4*u - 26. Suppose -497 - k = -s*n. Is n prime?
False
Let c be 6*8/12 + -1. Suppose -h + 216 = -5*s, -c = -4*s + 5. Is h composite?
True
Let o = 21597 + -10584. Is o a prime number?
False
Let d(p) be the third derivative of p**4/24 + 3*p**3/2 + 5*p**2. Let r be d(-9). Suppose -2*x + 4*x - 20 = r. Is x a prime number?
False
Let m(i) = -28*i**3 + 4*i**2 + 5*i - 8. Let o be m(5). Let f = -1332 - o. Is f prime?
False
Let x be ((-1)/2)/((-1)/(-10)). Let a(v) = v**2 + 3*v - 5. Let w be a(x). Suppose 5*y + 5*q = 830 + 260, -w*q + 222 = y. Is y composite?
True
Let o(i) = 2*i - 6. Let k be (-2 + 3)*(7 - 2). Suppose 36 = k*h - 2*z, z = -5*h + 3*h + 9. Is o(h) a prime number?
False
Let w(v) = 40*v**3 - 3*v**2 + v. Let i be w(2). Let a be (-2)/(10/(-4) - -2). Suppose a*c + 2 = i. Is c composite?
True
Suppose r - 29 = -0*q + 2*q, -r = -5*q - 35. Suppose 3*n + r = -4*z, n + 7 = -4*z + 4*n. Let t(o) = 26*o**2 + o + 3. Is t(z) a composite number?
True
Suppose s + 110 = 6*s. Let f = 146 - 69. Suppose b + s = f. Is b prime?
False
Let x(v) = v**3 + 24*v**2 + 19*v - 5. Let a be x(-22). Let r = a + -210. Is r composite?
True
Let p(g) = 3*g + 5 - 4 - 3 - 2*g. Let w be p(2). Suppose -2*s = 2*n - 280, 4*n + w*n - 575 = -s. Is n a prime number?
False
Let n = 35752 + -3259. Is n prime?
False
Suppose 4*j - 1 = 3*m, -5*j + 0*j + 5 = -3*m. Suppose 2*s - 294 = -j*d, 5*d + 2*s - 152 = 3*d. Is d composite?
False
Let x = -30132 - -57281. Is x a composite number?
True
Let s be 2/(22/42 - 3/(-21)). Is (1 - 2)/(((-3)/59)/s) a prime number?
True
Let g be 115/35 + 4/(-14). Let d be 0*(1 - (-3)/(-6)). Suppose d = 3*z - g*r - 2259, -2*z + 1512 = -0*r + r. Is z composite?
True
Suppose 44 = 7*o + 9. Suppose -4*m + 16 = 0, o*q - 121 = 3*m + 282. Is q a prime number?
True
Let z(c) = -210*c - 10 - 225*c + 686*c. Is z(9) a prime number?
False
Let k be (-1)/((5 + -4)/(-52)). Suppose 2*r + r + 2*c - k = 0, 0 = 5*r + 2*c - 84. Suppose 452 = 20*h - r*h. Is h a prime number?
True
Suppose -x + 1 = 0, 3*x + x - 1713 = -y. Is y a prime number?
True
Let t be (0 - -2)*(-1 + 3). Is -3 + (131 - t/(-4)) a composite number?
True
Suppose -3*n + 5 = -52. Suppose 0 = -5*w - 59 + n. Let c(k) = -k**3 - 6*k**2 + 8*k + 5. Is c(w) prime?
False
Suppose 3*d - 4103 - 32139 = -4*l, 2*l - 18126 = -4*d. Is l a prime number?
True
Suppose 35*n - 34*n = 2790. Suppose -5*o + n = -6295. Is o a composite number?
True
Suppose 4*g = 5*o - 7, -2*o = -6*o + 12. Suppose g*d - 635 = -3*d. Is d a prime number?
True
Let q(f) = 5*f**2 - 26*f - 1. Is q(22) prime?
True
Let g(q) = q**2 + 3. Let y be g(-4). Suppose 2*j = -5*z + 51, -y = -j - 5*z + 14. Suppose -3*a + 27 + j = 0. Is a prime?
False
Let u(o) = -39*o + 6. Let z be (-45)/12 - (-6)/8. Let y be u(z). Let d = 229 - y. Is d a composite number?
True
Suppose -285*u = -286*u + 154. Suppose -2*h - 435 = 3*h. Let i = h + u. Is i a composite number?
False
Suppose -24*o + 108*o - 893508 = 0. Is o prime?
False
Let b be (4*(-9)/(-6))/((-6)/(-16)). Is (1996/(-6))/(b/(-24)) a prime number?
True
Let b = 40016 - -18053. Is b a prime number?
False
Is 5 + -16*(2 - 10164) - 8 prime?
False
Suppose 91643 - 22288 = 5*x. Suppose 0 = 8*n + 3*n - x. Is n a composite number?
True
Suppose x - 11 = 398. Let b = x + 393. Is b a prime number?
False
Let o be -4 - (2 + -5827 - -4). Suppose 5*z + 162 = 2*q - 2188, 5*q = -2*z + o. Is q a composite number?
True
Let j = 25863 + -15712. Is j a composite number?
False
Suppose 21*o - 2 = 20*o. Suppose 5*z + 4 = -4*v, o*z - 3*z = -2*v + 12. Suppose 3*y + 2*l - 107 = -2*l, -5*y = v*l - 181. Is y 